e prime factors of z.
2, 7, 11
Let z(y) = -4*y + 4*y + 4*y - 3*y. Let k(t) = t + 77. Let g(l) = k(l) - 2*z(l). List the prime factors of g(0).
7, 11
Suppose -1616797 = -114*m + 4425317. List the prime factors of m.
3, 13, 151
Let m(h) = h - 22. Let p be m(5). Let a = 19 + p. Suppose -a*v - 3*b + 145 = 0, 0*b + 4*b = -4*v + 296. What are the prime factors of v?
7, 11
Suppose -8279 = -13*k + 78054. List the prime factors of k.
29, 229
Suppose -66 = 12*h - 14*h. Let g = h - 27. What are the prime factors of -21*(2/g)/(6/(-18))?
3, 7
List the prime factors of (1682 + 3 - -1) + -15.
3, 557
Let u(j) = 960*j - 135. Let k be u(18). List the prime factors of 16/6*(k/(-18))/(-5).
2, 127
Let a(c) = -7*c + 18 - 67*c - 20*c - 9*c. List the prime factors of a(-8).
2, 421
Let w = -13322 - -20117. What are the prime factors of w?
3, 5, 151
Suppose -10*r + 84 = 4. Suppose 0 = -r*m + 62 + 74. List the prime factors of m.
17
Let j(n) = n - 1. Let o be j(4). Let i = 5767 + -5762. Suppose 2*m + 3 = m + i*x, o*x + 22 = 4*m. List the prime factors of m.
7
Let u(i) = i**2 - 11*i - 11. Let x be u(12). Let s be (x + -1)*1*-1. Suppose s = 2*m, -4*h + 1110 = -3*m + 198. What are the prime factors of h?
2, 3, 19
Let t be 4 + (-3)/(-3) + 1. Let k be ((-192)/(-112))/(5/(70/(-4))) - 49. Let u = t - k. What are the prime factors of u?
61
Let j(q) = 30*q**2 + 3*q + 18. Let d be j(-6). Let k = d - 715. What are the prime factors of k?
5, 73
Let x(y) = 2*y**2 + 8*y + 26. Let b(m) = -m**2. Let u(k) = -3*b(k) - x(k). Let n be u(11). Let p(a) = 17*a - 18. What are the prime factors of p(n)?
101
Suppose 2*a - 66 = 3*k + 5, 16 = 4*a. What are the prime factors of -1 - (25 + k - 46*1)?
41
Let u = -168 + 159. What are the prime factors of ((-6)/u)/((-1)/(-231))?
2, 7, 11
Let r = -88 - 53. List the prime factors of r*(4 + 57/(-9)).
7, 47
Let l = 2156 - 2118. Suppose -27 = 2*x + 3*d, 5 = 4*d - 9*d. What are the prime factors of 3*l/x*-14?
7, 19
Let v = 320 - -704. What are the prime factors of v?
2
Let h(j) = -9*j**3 + 6*j**2 - 120*j - 1071. What are the prime factors of h(-10)?
3, 23, 47
Suppose 4*g = 2*j + 383514, -3*g + 2*j + 261246 + 26391 = 0. List the prime factors of g.
3, 53, 67
Let y be (5 + 0)*(-2)/(-2). Suppose -d + 260 = 5*q - 157, -4*q = y*d - 342. What are the prime factors of q?
83
Let w be (-5)/((-140)/45878) - (-5)/2. Suppose -w = -22*i + 955. List the prime factors of i.
2, 59
Suppose -5*z = 16*z - 42. Suppose -o - 4 + 1 = 0, -4*f + z*o = -3342. List the prime factors of f.
2, 3, 139
Suppose 0 = -j - 3*y + 5, 258 - 243 = 3*j + 5*y. List the prime factors of j.
5
Suppose 11 = -3*s - 16. Let a = 13 + s. Suppose a*i - 87 = -0*i - 5*f, 3*i = -f + 68. What are the prime factors of i?
23
Let g = -165 - -1104. Let t = g - 375. What are the prime factors of t?
2, 3, 47
Let y(o) = 343*o**3 - 43*o**2 + 107*o + 7. What are the prime factors of y(3)?
2, 43, 107
Suppose -1 = -2*g + 5*z, 0 = -4*g - g + 4*z + 11. Suppose u - 4*v = 350, 19 = -4*v + g. List the prime factors of u.
2, 167
Let o(u) = -48*u - 1. Let f be -1*-6*5/(-30). What are the prime factors of o(f)?
47
Let t = -42302 - -79127. List the prime factors of t.
3, 5, 491
Let m(i) be the second derivative of -4*i**2 + 0 - 1/20*i**5 + 0*i**3 - 5/12*i**4 - 10*i. List the prime factors of m(-6).
2, 7
Let z = 226 - 103. Suppose -z*q - 255 = -126*q. List the prime factors of q.
5, 17
Let i(l) = l + 8. Let g be i(-2). Let z(c) = -5*c - g + 11*c + 5*c. List the prime factors of z(4).
2, 19
Suppose -2*x + 816 = o, -2*x = 7*o - 2*o - 4056. Suppose -2*v = l - o + 197, v = -2*l + 311. What are the prime factors of v?
5, 61
Let z(m) = 3*m**2 - 20*m + 128. What are the prime factors of z(-38)?
2, 3, 5, 29
Let t(j) = -910*j**3 - 3*j**2 - 17*j - 12. What are the prime factors of t(-3)?
2, 3, 17, 241
Let d be -2*(-1)/((-8)/(-4)). Let h(m) be the second derivative of 31*m**3/3 + 5*m**2/2 + 35*m. List the prime factors of h(d).
67
Suppose 4*a = -27*d + 25*d + 16244, -24351 = -3*d - 3*a. What are the prime factors of d?
2, 3, 13
Let p = 21024 + -3140. List the prime factors of p.
2, 17, 263
Suppose 10120 = -5*g + 4*q, -g = -2*q + 3*q + 2024. Let b = g + 5264. Suppose b = 5*y + 7*y. List the prime factors of y.
2, 3, 5
Let s(m) be the third derivative of -m**6/90 + m**5/8 - 5*m**4/8 - 14*m**2. Let t(w) be the second derivative of s(w). What are the prime factors of t(-8)?
79
Let s = 4083 + 1390. What are the prime factors of s?
13, 421
Suppose 0 = -2*m + 11 + 11. Let p be 18/15*30/18. Suppose -p*v = 3*a - 3, 3*v + 5*a - m = -v. List the prime factors of v.
3
Let x = 346 + 170. Suppose -g + 3*t + 254 = -2*t, -2*t = -2*g + x. Suppose -g = -u - 13. What are the prime factors of u?
2, 3, 41
Suppose 0*d + 63 = 21*d. Suppose -d*m - 640 = -4*m. List the prime factors of m.
2, 5
Suppose 23 = 19*l - 34. Suppose 0 = -10*u + 8*u + 5*g + 577, -l*u - 5*g + 928 = 0. What are the prime factors of u?
7, 43
Let v(x) = 4*x**2 - 3*x + 9. Let f be v(-9). Suppose 9*a + f = -a. What are the prime factors of ((-272)/a - 2/9)*12?
2, 11
Suppose -11*r = 13 - 35. Let x be (-3 - (1 - r))*(-1)/2. What are the prime factors of (x - (-2)/10)*50/4?
3, 5
Suppose 2*z - 8*m = -6*m + 7114, 9*m = 0. What are the prime factors of z?
3557
Let h(x) = -171*x + 25. Let w be h(-5). What are the prime factors of w/(-22)*(-38)/4?
2, 5, 19
Suppose 74 + 2 = -38*l. What are the prime factors of -7 + 9 + (l - -619)?
619
Let f(s) = -s - 18. Let t be f(-15). Let g be (-3 - t)/(6/6). Suppose -2*u + 470 = 4*i - g*u, -u = 3*i - 351. List the prime factors of i.
2, 29
Let m(f) = -f**3 + 26*f**2 + 3. Let l be m(26). List the prime factors of (42/12 - l)*(3 - -1283).
643
Let h(f) = -93 + 38*f - 12*f - 41*f. What are the prime factors of h(-7)?
2, 3
Let n(u) = 2*u - 43. Let v be n(21). Let o be ((-10)/10)/(v/127). Let q = o + 35. What are the prime factors of q?
2, 3
Suppose 138*g = 135*g + 28815. What are the prime factors of g?
5, 17, 113
Suppose -253*b = -255*b - 2. What are the prime factors of (b - -2)*(526 - 12/4)?
523
Let y(o) be the second derivative of -5*o**3 - 21*o**2/2 - 3*o. Let f = -677 + 672. What are the prime factors of y(f)?
3, 43
Let o = 3194 + -2058. Let d = o + -764. What are the prime factors of d?
2, 3, 31
Let j(d) = d**3 + 9*d**2 - 10*d. Let c be j(-10). Suppose 6*n - 37 + 13 = c. Suppose 0 = 3*p - 6, n*l + 4 = -2*p + 548. What are the prime factors of l?
3, 5
Let a = 1234 - -5998. List the prime factors of a.
2, 113
Let c(o) = -o + 53. Let q be c(19). Suppose q*y = 5245 + 1623. What are the prime factors of y?
2, 101
Let p be (3 - 0) + -3 + 1. Let c be 2 + 5 + (-2 - p). Suppose -48 + 140 = c*s. What are the prime factors of s?
23
Let o(c) = -1315*c**3 - 27*c**2 - 29*c - 113. List the prime factors of o(-4).
31, 37, 73
Suppose 5*y + 7*m = 2*m - 10, -3*m = 12. Suppose y*n + 2 - 39 = -5*l, -61 = -5*l + 4*n. Suppose l*k - 5*k = 76. List the prime factors of k.
19
Suppose -18 - 17 = -5*f. Let y(z) = -z**3 + 9*z**2 - 6*z - 2. Let x be y(f). Let a = x - 21. What are the prime factors of a?
3, 11
Let y(v) = v**3 - 12*v**2 - 26*v - 18. Let a be y(14). Suppose a*s - 6*s = 64. Suppose s*k - 657 = 2655. What are the prime factors of k?
3, 23
List the prime factors of ((-129760)/(-150)*3)/(-3*8/(-180)).
2, 3, 811
What are the prime factors of -26*673*(0 - 2)?
2, 13, 673
Suppose 2*z + 273 = -3*c, 5*c - 208 = 5*z - 663. Let k = 984 + c. What are the prime factors of k?
19, 47
Let n(d) = -13913*d + 296. What are the prime factors of n(-2)?
2, 3, 43, 109
Let k = 87164 + -47496. List the prime factors of k.
2, 47, 211
Let t(n) = 33173*n**3 - n**2 - 7*n + 5. What are the prime factors of t(1)?
2, 5, 31, 107
Let v = 4 + 156. Suppose 0 = -3*n + 4*u + v + 102, -n = -5*u - 91. Suppose -n = -a - 7. What are the prime factors of a?
79
Suppose 37*r + 48 = -63. Let b(j) be the first derivative of -j**4/4 + 2*j**3/3 - 5*j**2/2 - 4*j - 1. What are the prime factors of b(r)?
2, 7
Suppose 5*d - 1499 = 4*o + 554, 4*o + 8 = 0. Let g = 798 - d. List the prime factors of g.
389
Suppose l = m - 23775, -l = -m + 5*m - 95130. What are the prime factors of m?
3, 7927
Let s = 23640 + -16160. Suppose 15*g - s = 5*g. List the prime factors of g.
2, 11, 17
Suppose 0*o + o + 2*d = 25, -2*d + 106 = 4*o. What are the